{"id":8,"date":"2026-03-17T11:35:52","date_gmt":"2026-03-17T11:35:52","guid":{"rendered":"https:\/\/beautycentersomma.it\/?page_id=8"},"modified":"2026-03-24T15:27:03","modified_gmt":"2026-03-24T15:27:03","slug":"about","status":"publish","type":"page","link":"https:\/\/beautycentersomma.it\/index.php\/about\/","title":{"rendered":"About"},"content":{"rendered":"<p>[et_pb_section fb_built=&#8221;1&#8243; admin_label=&#8221;Header&#8221; _builder_version=&#8221;4.25.2&#8243; _module_preset=&#8221;default&#8221; locked=&#8221;off&#8221; collapsed=&#8221;on&#8221; global_colors_info=&#8221;{}&#8221;][et_pb_row _builder_version=&#8221;4.24.2&#8243; _module_preset=&#8221;default&#8221; global_colors_info=&#8221;{}&#8221;][et_pb_column type=&#8221;4_4&#8243; _builder_version=&#8221;4.23.2&#8243; _module_preset=&#8221;default&#8221; global_colors_info=&#8221;{}&#8221;][et_pb_heading title=&#8221;Il centro&#8221; _builder_version=&#8221;4.25.2&#8243; _module_preset=&#8221;34f9c54c-d204-4afb-b143-79971d1bbf5d&#8221; custom_margin=&#8221;||10px||false|false&#8221; locked=&#8221;off&#8221; global_colors_info=&#8221;{}&#8221;][\/et_pb_heading][\/et_pb_column][\/et_pb_row][et_pb_row column_structure=&#8221;1_2,1_2&#8243; make_equal=&#8221;on&#8221; _builder_version=&#8221;4.25.2&#8243; _module_preset=&#8221;default&#8221; background_color=&#8221;gcid-primary-color&#8221; custom_padding=&#8221;0px||0px||true|false&#8221; locked=&#8221;off&#8221; global_colors_info=&#8221;{%22gcid-primary-color%22:%91%22background_color%22%93}&#8221;][et_pb_column type=&#8221;1_2&#8243; _builder_version=&#8221;4.25.2&#8243; _module_preset=&#8221;be33e09a-19c0-4b39-8e4b-dff0ea9ac2d7&#8243; background_image=&#8221;http:\/\/beautycentersomma.it\/wp-content\/uploads\/2026\/03\/spa-12b.jpg&#8221; parallax=&#8221;on&#8221; border_width_all_tablet=&#8221;8vw&#8221; border_width_all_phone=&#8221;8vw&#8221; border_width_all_last_edited=&#8221;on|desktop&#8221; box_shadow_spread_tablet=&#8221;30px&#8221; box_shadow_spread_phone=&#8221;20px&#8221; box_shadow_spread_last_edited=&#8221;off|desktop&#8221; global_colors_info=&#8221;{%22gcid-4b9eed5c-3d04-4887-bc15-8a2e9c2e3ea1%22:%91%22box_shadow_color%22%93,%22gcid-secondary-color%22:%91%22background_color%22%93}&#8221;][et_pb_divider show_divider=&#8221;off&#8221; _builder_version=&#8221;4.25.2&#8243; _module_preset=&#8221;_initial&#8221; height_tablet=&#8221;30vw&#8221; height_phone=&#8221;30vw&#8221; height_last_edited=&#8221;on|desktop&#8221; locked=&#8221;off&#8221; global_colors_info=&#8221;{}&#8221;][\/et_pb_divider][\/et_pb_column][et_pb_column type=&#8221;1_2&#8243; _builder_version=&#8221;4.25.2&#8243; _module_preset=&#8221;84a1e6b3-b5df-4aaf-b3a2-904dfc36ed4b&#8221; custom_padding=&#8221;200px|12%|200px|30px|true|false&#8221; custom_padding_tablet=&#8221;10vw|10vw|10vw|10vw|true|true&#8221; custom_padding_phone=&#8221;||||false|false&#8221; global_colors_info=&#8221;{%22gcid-primary-color%22:%91%22background_color%22%93}&#8221;][et_pb_divider show_divider=&#8221;off&#8221; _builder_version=&#8221;4.25.2&#8243; _module_preset=&#8221;838755fc-2014-45c1-9262-7e5f01c14fb4&#8243; positioning=&#8221;absolute&#8221; width=&#8221;230px&#8221; width_tablet=&#8221;30%&#8221; width_phone=&#8221;30%&#8221; width_last_edited=&#8221;on|tablet&#8221; height=&#8221;230px&#8221; height_tablet=&#8221;40%&#8221; height_phone=&#8221;auto&#8221; height_last_edited=&#8221;on|phone&#8221; custom_margin=&#8221;170px||||false|false&#8221; custom_margin_tablet=&#8221;5vw|||5vw|false|false&#8221; custom_margin_phone=&#8221;||||false|false&#8221; custom_margin_last_edited=&#8221;on|desktop&#8221; global_colors_info=&#8221;{}&#8221;][\/et_pb_divider][et_pb_heading title=&#8221;Since 2006&#8243; _builder_version=&#8221;4.25.2&#8243; _module_preset=&#8221;97f83af3-4535-4e51-b40f-dc9ea61d6286&#8243; title_level=&#8221;h2&#8243; title_text_color=&#8221;#FFFFFF&#8221; custom_margin=&#8221;||10px||false|false&#8221; locked=&#8221;off&#8221; global_colors_info=&#8221;{}&#8221;][\/et_pb_heading][et_pb_text _builder_version=&#8221;4.27.6&#8243; _module_preset=&#8221;d182aa40-d45e-4511-a10a-20d421f09935&#8243; global_colors_info=&#8221;{}&#8221;]<\/p>\n<p data-start=\"16\" data-end=\"222\">Il nostro <strong data-start=\"40\" data-end=\"57\">Beauty Center<\/strong> \u00e8 un punto di riferimento per chi desidera prendersi cura di s\u00e9 e valorizzare la propria bellezza in un ambiente accogliente, professionale e dedicato al benessere.<\/p>\n<p data-start=\"224\" data-end=\"531\">La nostra missione \u00e8 offrire trattamenti estetici di alta qualit\u00e0, combinando <strong data-start=\"302\" data-end=\"357\">esperienza, innovazione e attenzione personalizzata<\/strong>. Ogni cliente \u00e8 unico: per questo studiamo percorsi di bellezza su misura, utilizzando tecnologie moderne e prodotti selezionati per garantire risultati efficaci e duraturi.<\/p>\n<p data-start=\"533\" data-end=\"760\">Nel nostro centro troverai un team di professioniste qualificate, costantemente aggiornate sulle <strong data-start=\"630\" data-end=\"681\">ultime tecniche e tendenze del settore estetico<\/strong>, pronte ad accompagnarti in ogni momento del tuo percorso di bellezza e relax.<\/p>\n<p data-start=\"762\" data-end=\"1005\">Crediamo che la bellezza nasca dall\u2019equilibrio tra <strong data-start=\"813\" data-end=\"865\">cura del corpo, benessere e fiducia in s\u00e9 stessi<\/strong>. Per questo abbiamo creato uno spazio dove professionalit\u00e0, comfort e attenzione ai dettagli si uniscono per regalarti un\u2019esperienza unica.<\/p>\n<p data-start=\"1007\" data-end=\"1148\">Dal <strong data-start=\"1011\" data-end=\"1019\">2006<\/strong>, il nostro obiettivo \u00e8 lo stesso: <strong data-start=\"1054\" data-end=\"1141\">farti sentire bene, valorizzare la tua bellezza e offrirti un momento tutto per te<\/strong><\/p>\n<p>[\/et_pb_text][et_pb_button button_url=&#8221;https:\/\/beautycentersomma.it\/index.php\/services\/&#8221; button_text=&#8221;Visita i nostri servizi&#8221; _builder_version=&#8221;4.27.6&#8243; _module_preset=&#8221;24284720-e1c8-4879-9aa6-fd9474d4a7b5&#8243; global_colors_info=&#8221;{}&#8221;][\/et_pb_button][\/et_pb_column][\/et_pb_row][\/et_pb_section][et_pb_section fb_built=&#8221;1&#8243; admin_label=&#8221;Video&#8221; _builder_version=&#8221;4.24.2&#8243; _module_preset=&#8221;default&#8221; collapsed=&#8221;on&#8221; global_colors_info=&#8221;{}&#8221;][et_pb_row column_structure=&#8221;2_3,1_3&#8243; _builder_version=&#8221;4.23.2&#8243; _module_preset=&#8221;default&#8221; global_colors_info=&#8221;{}&#8221;][et_pb_column type=&#8221;2_3&#8243; _builder_version=&#8221;4.23.2&#8243; _module_preset=&#8221;default&#8221; global_colors_info=&#8221;{}&#8221;][et_pb_video src=&#8221;http:\/\/beautycentersomma.it\/wp-content\/uploads\/2026\/03\/presentazione-1.mp4&#8243; image_src=&#8221;http:\/\/beautycentersomma.it\/wp-content\/uploads\/2026\/03\/spa-10.jpg&#8221; play_icon_color=&#8221;#d3cce8&#8243; thumbnail_overlay_color=&#8221;rgba(0,0,0,0.6)&#8221; _builder_version=&#8221;4.27.6&#8243; _module_preset=&#8221;8602b39e-a988-4952-a60b-1afb0bd96ed6&#8243; custom_padding=&#8221;|||0px||&#8221; global_colors_info=&#8221;{}&#8221;][\/et_pb_video][\/et_pb_column][et_pb_column type=&#8221;1_3&#8243; _builder_version=&#8221;4.27.6&#8243; _module_preset=&#8221;default&#8221; global_colors_info=&#8221;{}&#8221;][et_pb_heading title=&#8221;Il nostro Team&#8221; _builder_version=&#8221;4.24.2&#8243; _module_preset=&#8221;97f83af3-4535-4e51-b40f-dc9ea61d6286&#8243; title_text_align=&#8221;center&#8221; custom_margin=&#8221;||10px||false|false&#8221; locked=&#8221;off&#8221; global_colors_info=&#8221;{}&#8221;][\/et_pb_heading][et_pb_image src=&#8221;http:\/\/beautycentersomma.it\/wp-content\/uploads\/2026\/03\/square-image.jpg&#8221; title_text=&#8221;square-image&#8221; align=&#8221;center&#8221; _builder_version=&#8221;4.27.6&#8243; _module_preset=&#8221;default&#8221; width=&#8221;65.9%&#8221; custom_padding=&#8221;|||0px||&#8221; hover_enabled=&#8221;0&#8243; global_colors_info=&#8221;{}&#8221; sticky_enabled=&#8221;0&#8243;][\/et_pb_image][et_pb_heading title=&#8221;Rossella Somma&#8221; _builder_version=&#8221;4.27.6&#8243; _module_preset=&#8221;0cee0a82-81cd-43cf-9465-eda317903e17&#8243; title_text_align=&#8221;center&#8221; custom_margin=&#8221;||0px||false|false&#8221; locked=&#8221;off&#8221; global_colors_info=&#8221;{}&#8221;][\/et_pb_heading][et_pb_text _builder_version=&#8221;4.25.2&#8243; _module_preset=&#8221;c0471caa-77e8-49b0-ad23-a58ea9e9551d&#8221; text_orientation=&#8221;center&#8221; global_colors_info=&#8221;{}&#8221;]<\/p>\n<p>Beauty Specialist<\/p>\n<p>[\/et_pb_text][et_pb_image src=&#8221;http:\/\/beautycentersomma.it\/wp-content\/uploads\/2026\/03\/WhatsApp-Image-2026-03-24-at-13.15.30.jpeg&#8221; title_text=&#8221;WhatsApp Image 2026-03-24 at 13.15.30&#8243; align=&#8221;center&#8221; _builder_version=&#8221;4.27.6&#8243; _module_preset=&#8221;default&#8221; width=&#8221;65.9%&#8221; custom_padding=&#8221;|||0px||&#8221; hover_enabled=&#8221;0&#8243; global_colors_info=&#8221;{}&#8221; sticky_enabled=&#8221;0&#8243;][\/et_pb_image][et_pb_heading title=&#8221;Daniela Grimaldi&#8221; _builder_version=&#8221;4.27.6&#8243; _module_preset=&#8221;0cee0a82-81cd-43cf-9465-eda317903e17&#8243; title_text_align=&#8221;center&#8221; custom_margin=&#8221;||0px||false|false&#8221; hover_enabled=&#8221;0&#8243; locked=&#8221;off&#8221; global_colors_info=&#8221;{}&#8221; sticky_enabled=&#8221;0&#8243;][\/et_pb_heading][et_pb_text _builder_version=&#8221;4.27.6&#8243; _module_preset=&#8221;c0471caa-77e8-49b0-ad23-a58ea9e9551d&#8221; text_orientation=&#8221;center&#8221; hover_enabled=&#8221;0&#8243; global_colors_info=&#8221;{}&#8221; sticky_enabled=&#8221;0&#8243;]<\/p>\n<p>Specializzata in viso mani , piedi , filo arabo , laminazione ciglia epilazione laser e cera brasiliana<\/p>\n<p>[\/et_pb_text][et_pb_image src=&#8221;http:\/\/beautycentersomma.it\/wp-content\/uploads\/2026\/03\/square-image-2.jpg&#8221; title_text=&#8221;square-image (2)&#8221; align=&#8221;center&#8221; _builder_version=&#8221;4.27.6&#8243; _module_preset=&#8221;default&#8221; width=&#8221;65.9%&#8221; custom_padding=&#8221;|||0px||&#8221; hover_enabled=&#8221;0&#8243; global_colors_info=&#8221;{}&#8221; sticky_enabled=&#8221;0&#8243;][\/et_pb_image][et_pb_heading title=&#8221;Matilde Farina&#8221; _builder_version=&#8221;4.27.6&#8243; _module_preset=&#8221;0cee0a82-81cd-43cf-9465-eda317903e17&#8243; title_text_align=&#8221;center&#8221; custom_margin=&#8221;||0px||false|false&#8221; hover_enabled=&#8221;0&#8243; locked=&#8221;off&#8221; global_colors_info=&#8221;{}&#8221; sticky_enabled=&#8221;0&#8243;][\/et_pb_heading][et_pb_text _builder_version=&#8221;4.27.6&#8243; _module_preset=&#8221;c0471caa-77e8-49b0-ad23-a58ea9e9551d&#8221; text_orientation=&#8221;center&#8221; hover_enabled=&#8221;0&#8243; global_colors_info=&#8221;{}&#8221; sticky_enabled=&#8221;0&#8243;]<\/p>\n<p>Specializzata in trattamenti viso , corpo e massoterapia<\/p>\n<p>[\/et_pb_text][et_pb_image src=&#8221;http:\/\/beautycentersomma.it\/wp-content\/uploads\/2026\/03\/square-image-1.jpg&#8221; title_text=&#8221;square-image (1)&#8221; align=&#8221;center&#8221; _builder_version=&#8221;4.27.6&#8243; _module_preset=&#8221;default&#8221; width=&#8221;65.9%&#8221; custom_padding=&#8221;|||0px||&#8221; hover_enabled=&#8221;0&#8243; global_colors_info=&#8221;{}&#8221; sticky_enabled=&#8221;0&#8243;][\/et_pb_image][et_pb_heading title=&#8221;Carmen Gagliardi&#8221; _builder_version=&#8221;4.27.6&#8243; _module_preset=&#8221;0cee0a82-81cd-43cf-9465-eda317903e17&#8243; title_text_align=&#8221;center&#8221; custom_margin=&#8221;||0px||false|false&#8221; hover_enabled=&#8221;0&#8243; locked=&#8221;off&#8221; global_colors_info=&#8221;{}&#8221; sticky_enabled=&#8221;0&#8243;][\/et_pb_heading][et_pb_text _builder_version=&#8221;4.27.6&#8243; _module_preset=&#8221;c0471caa-77e8-49b0-ad23-a58ea9e9551d&#8221; text_orientation=&#8221;center&#8221; hover_enabled=&#8221;0&#8243; global_colors_info=&#8221;{}&#8221; sticky_enabled=&#8221;0&#8243;]<\/p>\n<p>Specializzata in massaggi trattamento viso , corpo laminazine ciglia ed epilazione<\/p>\n<p>[\/et_pb_text][\/et_pb_column][\/et_pb_row][\/et_pb_section]<\/p>\n","protected":false},"excerpt":{"rendered":"<p>Il nostro Beauty Center \u00e8 un punto di riferimento per chi desidera prendersi cura di s\u00e9 e valorizzare la propria bellezza in un ambiente accogliente, professionale e dedicato al benessere. La nostra missione \u00e8 offrire trattamenti estetici di alta qualit\u00e0, combinando esperienza, innovazione e attenzione personalizzata. Ogni cliente \u00e8 unico: per questo studiamo percorsi di [&hellip;]<\/p>\n","protected":false},"author":1,"featured_media":0,"parent":0,"menu_order":0,"comment_status":"closed","ping_status":"closed","template":"","meta":{"_et_pb_use_builder":"on","_et_pb_old_content":"","_et_gb_content_width":"","footnotes":""},"class_list":["post-8","page","type-page","status-publish","hentry"],"_links":{"self":[{"href":"https:\/\/beautycentersomma.it\/index.php\/wp-json\/wp\/v2\/pages\/8","targetHints":{"allow":["GET"]}}],"collection":[{"href":"https:\/\/beautycentersomma.it\/index.php\/wp-json\/wp\/v2\/pages"}],"about":[{"href":"https:\/\/beautycentersomma.it\/index.php\/wp-json\/wp\/v2\/types\/page"}],"author":[{"embeddable":true,"href":"https:\/\/beautycentersomma.it\/index.php\/wp-json\/wp\/v2\/users\/1"}],"replies":[{"embeddable":true,"href":"https:\/\/beautycentersomma.it\/index.php\/wp-json\/wp\/v2\/comments?post=8"}],"version-history":[{"count":6,"href":"https:\/\/beautycentersomma.it\/index.php\/wp-json\/wp\/v2\/pages\/8\/revisions"}],"predecessor-version":[{"id":141,"href":"https:\/\/beautycentersomma.it\/index.php\/wp-json\/wp\/v2\/pages\/8\/revisions\/141"}],"wp:attachment":[{"href":"https:\/\/beautycentersomma.it\/index.php\/wp-json\/wp\/v2\/media?parent=8"}],"curies":[{"name":"wp","href":"https:\/\/api.w.org\/{rel}","templated":true}]}}